{"id":217,"date":"2019-09-15T14:27:49","date_gmt":"2019-09-15T12:27:49","guid":{"rendered":"http:\/\/www.croceverdeintemelia.com\/?page_id=217"},"modified":"2026-03-04T11:17:02","modified_gmt":"2026-03-04T10:17:02","slug":"servizio-civile","status":"publish","type":"page","link":"https:\/\/www.croceverdeintemelia.com\/?page_id=217","title":{"rendered":"SERVIZIO CIVILE"},"content":{"rendered":"<p><img loading=\"lazy\" class=\"alignnone size-medium wp-image-1054 aligncenter\" src=\"http:\/\/www.croceverdeintemelia.com\/wp-content\/uploads\/2026\/03\/20260304114446692_0001-212x300.jpg\" alt=\"\" width=\"212\" height=\"300\" srcset=\"https:\/\/www.croceverdeintemelia.com\/wp-content\/uploads\/2026\/03\/20260304114446692_0001-212x300.jpg 212w, https:\/\/www.croceverdeintemelia.com\/wp-content\/uploads\/2026\/03\/20260304114446692_0001-724x1024.jpg 724w, https:\/\/www.croceverdeintemelia.com\/wp-content\/uploads\/2026\/03\/20260304114446692_0001-768x1087.jpg 768w, https:\/\/www.croceverdeintemelia.com\/wp-content\/uploads\/2026\/03\/20260304114446692_0001-1086x1536.jpg 1086w, https:\/\/www.croceverdeintemelia.com\/wp-content\/uploads\/2026\/03\/20260304114446692_0001-1448x2048.jpg 1448w, https:\/\/www.croceverdeintemelia.com\/wp-content\/uploads\/2026\/03\/20260304114446692_0001.jpg 1654w\" sizes=\"(max-width: 212px) 100vw, 212px\" \/><\/p>\n<h1>SERVIZIO CIVILE UNIVERSALE 2026<\/h1>\n<p>&nbsp;<\/p>\n<p>Anche nel 2026, in Croce Verde Intemelia a Ventimiglia, si potr\u00e0 effettuare il Servizio Civile Universale. Il servizio \u00e8 rivolto ai giovani dai 18 ai 28 anni che vogliono fare questa esperienza di un anno dall\u2019 alto valore educativo e formativo che rappresenta un&#8217;importante e insostituibile occasione di crescita personale, un&#8217;opportunit\u00e0 di educazione alla cittadinanza attiva, un prezioso strumento per aiutare le fasce pi\u00f9 deboli della societ\u00e0 contribuendo allo sviluppo sociale, culturale ed economico del nostro Paese.<\/p>\n<p>I posti a disposizione per il 2026 sono 5 ed il nostro obiettivo \u00e8 quello di formare persone qualificate in grado di saper soccorrere ed aiutare in caso di emergenze. L\u2019orario settimanale articolato su 5 giorni \u00e8 di 25 ore ed il compenso mensile di circa \u20ac 520.\u00a0 Il servizio verr\u00e0 svolto presso la nostra sede in P.za XX settembre 8 dopo una formazione certificata a 360 gradi sul primo soccorso.<\/p>\n<p><strong><u>Le domande devono essere tassativamente presentate dai volontari entro le ore 14,00 di mercoled\u00ec 8 aprile 2026 <\/u><\/strong>tramite la piattaforma Domanda on Line (DOL) all\u2019indirizzo <a href=\"https:\/\/domandaonline.serviziocivile.it\/\">https:\/\/domandaonline.serviziocivile.it\/<\/a> ed \u00e8 possibile solo per giovani in possesso di SPID (Sistema Pubblico di Identit\u00e0 Digitale)<\/p>\n<p>Per eventuali informazioni:<\/p>\n<p>tel \u00a00184351175<\/p>\n<p>mail info@croceverdeintemelia.com<\/p>\n<p>&nbsp;<\/p>\n<h1><\/h1>\n<h1><\/h1>\n<h1><\/h1>\n<h1 style=\"text-align: center;\"><span style=\"color: #993300;\">Servizio Civile Universale\u00a0 <\/span><span style=\"color: #993300;\">2023<\/span><\/h1>\n<h2>Continua, in Croce Verde Intemelia a Ventimiglia, la possibilit\u00e0 di svolgere il Servizio Civile Universale. Scade il 10 febbraio 2023 alle ore 14 il termine ultimo per presentare la domanda da parte dei cittadini italiani o dell\u2019Unione Europea, oppure di un Paese extra Unione Europea purch\u00e9 il candidato sia regolarmente soggiornante in Italia che abbiano compiuto il diciottesimo anno di et\u00e0 e non abbiano superato il ventottesimo\u00a0 (28 anni e 364 giorni) alla data di presentazione della domanda e sia in possesso dello SPID.<\/h2>\n<h2>La durata del Servizio Civile Universale \u00e8 di un anno con un impiego di 25 ore settimanali ed una retribuzione mensile di\u00a0\u00a0 \u20ac 444,30.E\u2019 prevista una formazione professionale. I posti a disposizione sono 8 di cui 2 riservati ai giovani con minor opportunit\u00e0 (bassa scolarizzazione).<\/h2>\n<h2><strong><span style=\"color: #000000;\">Servizio Civile Universale: una scelta consapevole, il primo stipendio, nuovi amici, mettersi alla prova, empatia, relazioni, nuove realt\u00e0, possibilit\u00e0 di trovare lavoro al termine del servizio, e altro ancora\u2026<\/span><\/strong><\/h2>\n<h2>unisciti a noi!<\/h2>\n<h2>Vieni in Croce Verde P.za XX Settembre 8 Ventimiglia<\/h2>\n<h2>Email info@croceverdeintemelia.com\u00a0\u00a0\u00a0\u00a0\u00a0\u00a0\u00a0\u00a0\u00a0\u00a0\u00a0 tel 0184351175<\/h2>\n<h2><\/h2>\n<h2><\/h2>\n<h1><img loading=\"lazy\" class=\"size-medium wp-image-892 aligncenter\" src=\"http:\/\/www.croceverdeintemelia.com\/wp-content\/uploads\/2021\/01\/Locandina-A3-Intemelia-212x300.jpg\" alt=\"\" width=\"212\" height=\"300\" srcset=\"https:\/\/www.croceverdeintemelia.com\/wp-content\/uploads\/2021\/01\/Locandina-A3-Intemelia-212x300.jpg 212w, https:\/\/www.croceverdeintemelia.com\/wp-content\/uploads\/2021\/01\/Locandina-A3-Intemelia-724x1024.jpg 724w, https:\/\/www.croceverdeintemelia.com\/wp-content\/uploads\/2021\/01\/Locandina-A3-Intemelia-768x1086.jpg 768w, https:\/\/www.croceverdeintemelia.com\/wp-content\/uploads\/2021\/01\/Locandina-A3-Intemelia-1086x1536.jpg 1086w, https:\/\/www.croceverdeintemelia.com\/wp-content\/uploads\/2021\/01\/Locandina-A3-Intemelia-1448x2048.jpg 1448w, https:\/\/www.croceverdeintemelia.com\/wp-content\/uploads\/2021\/01\/Locandina-A3-Intemelia.jpg 1754w\" sizes=\"(max-width: 212px) 100vw, 212px\" \/><\/h1>\n<p>&nbsp;<\/p>\n<h3 style=\"text-align: center;\"><\/h3>\n<h3 style=\"text-align: center;\"><\/h3>\n<p>&nbsp;<\/p>\n<p><img loading=\"lazy\" class=\"alignnone size-full wp-image-285\" src=\"http:\/\/www.croceverdeintemelia.com\/wp-content\/uploads\/2019\/09\/volantino-servizio-civile-bando-2018-e-2019-page-0.jpg\" alt=\"\" width=\"2480\" height=\"3508\" \/><\/p>\n<p>&nbsp;<\/p>\n<h3 style=\"text-align: center;\"><span style=\"color: #ff0000;\"><strong>Che cos&#8217;\u00e8 il Servizio civile nazionale?<br \/>\n<\/strong><\/span><br \/>\nGrazie al Servizio civile nazionale, istituto dalla Legge 6 marzo 2001 n\u00b0 64, i giovani hanno la possibilit\u00e0 di dedicare un anno della propria vita a favore di un impegno di tipo solidaristico, l&#8217;obiettivo del Servizio civile \u00e8 quindi quello di contribuire a garantire i diritti fondamentali di tutti i cittadini e di costruire una Societ\u00e0 pi\u00f9 giusta e quindi pi\u00f9 pacifica. Il servizio civile nazionale, istituito su base volontaria, si propone ai giovani come un&#8217;esperienza di alto valore educativo e formativo, e rappresenta un&#8217;importante e insostituibile occasione di crescita personale, un&#8217;opportunit\u00e0 di educazione alla cittadinanza attiva, un prezioso strumento per aiutare le fasce pi\u00f9 deboli della societ\u00e0 contribuendo allo sviluppo sociale, culturale ed economico del nostro Paese. Chi sceglie di impegnarsi per dodici mesi nel Servizio civile nazionale, sceglie anche di aggiungere un&#8217;esperienza qualificante al suo bagaglio di conoscenze, che potr\u00e0 essergli utile nel corso della vita lavorativa.<\/h3>\n<h3 style=\"text-align: center;\"><span style=\"color: #ff0000;\"><strong>A chi si rivolge il Servizio civile nazionale?<\/strong><\/span><\/h3>\n<h3>Il Servizio civile nazionale si rivolge a ragazze e ragazze maggiorenni, che non abbiano ancora superato il 28\u00b0 anno di et\u00e0 al momento della presentazione della domanda, <strong>ci\u00f2 significa che possono aderire a progetti di servizio civile nazionale i giovani di et\u00e0 compresa tra i 18 anni e i 28 anni e 364 giorni. Sono ammessi al Servizio civile i cittadini italiani e degli altri paesi aderenti all&#8217;Unione Europea nonch\u00e9 alcune categorie di cittadini non comunitari che sono definite volta per volta nei bandi di Servizio civile.<\/strong><\/h3>\n<h3><strong>Chi non pu\u00f2 svolgere il Servizio civile nazionale?<\/strong><\/h3>\n<h3>Fatti salvi i requisiti generali non possono svolgere il Servizio civile nazionale:<\/h3>\n<ul>\n<li>\n<h3>tutti coloro che\u00a0siano stati\u00a0condannati, anche non\u00a0in via definitiva,\u00a0alla reclusione superiore ad un anno per delitto non colposo<\/h3>\n<\/li>\n<li>\n<h3>i condannati a pene di gravit\u00e0 minore, se\u00a0giudicati per delitti\u00a0contro la persona o per il possesso,\u00a0la detenzione, l&#8217;uso, il trasporto, l&#8217;importazione o l&#8217;esportazione illecita di armi o materie esplodenti<\/h3>\n<\/li>\n<li>\n<h3>i condannati per delitti riguardanti l&#8217;appartenenza o il favoreggiamento a gruppi eversivi, terroristici, o di criminalit\u00e0 organizzata<\/h3>\n<\/li>\n<li>\n<h3>chi ha gi\u00e0 svolto il Servizio Civile precedentemente ovvero chi abbia interrotto il sevizio prima della scadenza prevista<\/h3>\n<\/li>\n<li>\n<h3>chi abbia in corso con l&#8217;Ente che realizza il progetto rapporti di lavoro o di collaborazione retribuita a qualunque titolo, ovvero che abbia avuto tali rapporti nell&#8217;anno precedente di durata superiore a tre mesi.<\/h3>\n<\/li>\n<\/ul>\n<h3><strong>Quanto dura l&#8217;esperienza di Servizio civile?<\/strong><\/h3>\n<h3>Il Servizio civile nazionale ha la durata di un anno e prevede un monte ore annuale di 1400 ore oppure una media di 30 ore settimanali.l&#8217;orario \u00e8\u00a0 articolato su 5 giornate settimanali.<\/h3>\n<h3 style=\"text-align: center;\"><strong><span style=\"color: #ff0000;\">Quali sono i vantaggi per chi vuole intraprendere questa esperienza?<\/span><br \/>\n<\/strong><br \/>\nI vantaggi sono di tre tipi:<\/h3>\n<ul>\n<li>\n<h3>Sociale: essere impegnati, per un anno, in un progetto di grande valore sociale, rivolto alla costruzione di un sistema di cittadinanza attiva e consapevole.<\/h3>\n<\/li>\n<li>\n<h3>Formativo: un anno di formazione attiva.<\/h3>\n<\/li>\n<li>\n<h3>Economico: \u00e8 previsto un compenso mensile di \u20ac. 433,80 erogato direttamente dal Servizio Civile Nazionale.<\/h3>\n<\/li>\n<\/ul>\n<h3>Il nostro progetto prevede una formazione generale sul servizio civile e un corso teorico-pratico che rilascer\u00e0 la qualifica di <strong>soccorritore e operatore BLS-D.<br \/>\n<\/strong>Il servizio si svolger\u00e0 presso la nostra sede in\u00a0 P.za XX Settembre a Ventimiglia.<\/h3>\n<h3>Se vuoi maggior informazioni sul nostro progetto clicca sul link sotto<\/h3>\n<h4><a href=\"http:\/\/www.croceverdeintemelia.com\/wp-content\/uploads\/2019\/09\/PROGETTO-2019-CROCE-VERDE-INTEMELIA-Allegato-A-scheda-elementi-essenziali.doc\">PROGETTO 2019 CROCE VERDE INTEMELIA Allegato-A-scheda-elementi-<\/a><a href=\"http:\/\/www.croceverdeintemelia.com\/wp-content\/uploads\/2019\/09\/PROGETTO-2019-CROCE-VERDE-INTEMELIA-Allegato-A-scheda-elementi-essenziali.doc\">essenziali<\/a><\/h4>\n<h4><a href=\"https:\/\/www.politichegiovanilieserviziocivile.gov.it\/dgscn-news\/2019\/9\/bandoordinario2019.aspx\">Per visualizzare il bando e fare domanda:<\/a><\/h4>\n<h3><em><strong>importante per poter fare domanda bisogna essere in possesso dello SPID ( Sistema Pubblico di identit\u00e0 Digitale) che \u00e8 rilasciato gratuitamente da ogni sportello Postale. Per la richiesta bisogna presentarsi muniti di carta d&#8217;identit\u00e0 e codice fiscale.<\/strong><\/em><\/h3>\n","protected":false},"excerpt":{"rendered":"<p>SERVIZIO CIVILE UNIVERSALE 2026 &nbsp; Anche nel 2026, in Croce Verde Intemelia a Ventimiglia, si potr\u00e0 effettuare il Servizio Civile Universale. Il servizio \u00e8 rivolto ai giovani dai 18 ai 28 anni che vogliono fare questa esperienza di un anno dall\u2019 alto valore educativo e formativo che rappresenta un&#8217;importante e insostituibile occasione di crescita personale, &hellip; <a href=\"https:\/\/www.croceverdeintemelia.com\/?page_id=217\" class=\"more-link\">Continua la lettura di <span class=\"screen-reader-text\">SERVIZIO CIVILE<\/span> <span class=\"meta-nav\">&rarr;<\/span><\/a><\/p>\n","protected":false},"author":2,"featured_media":0,"parent":0,"menu_order":0,"comment_status":"closed","ping_status":"closed","template":"","meta":[],"_links":{"self":[{"href":"https:\/\/www.croceverdeintemelia.com\/index.php?rest_route=\/wp\/v2\/pages\/217"}],"collection":[{"href":"https:\/\/www.croceverdeintemelia.com\/index.php?rest_route=\/wp\/v2\/pages"}],"about":[{"href":"https:\/\/www.croceverdeintemelia.com\/index.php?rest_route=\/wp\/v2\/types\/page"}],"author":[{"embeddable":true,"href":"https:\/\/www.croceverdeintemelia.com\/index.php?rest_route=\/wp\/v2\/users\/2"}],"replies":[{"embeddable":true,"href":"https:\/\/www.croceverdeintemelia.com\/index.php?rest_route=%2Fwp%2Fv2%2Fcomments&post=217"}],"version-history":[{"count":21,"href":"https:\/\/www.croceverdeintemelia.com\/index.php?rest_route=\/wp\/v2\/pages\/217\/revisions"}],"predecessor-version":[{"id":1056,"href":"https:\/\/www.croceverdeintemelia.com\/index.php?rest_route=\/wp\/v2\/pages\/217\/revisions\/1056"}],"wp:attachment":[{"href":"https:\/\/www.croceverdeintemelia.com\/index.php?rest_route=%2Fwp%2Fv2%2Fmedia&parent=217"}],"curies":[{"name":"wp","href":"https:\/\/api.w.org\/{rel}","templated":true}]}}