{"id":715,"date":"2019-11-10T09:43:34","date_gmt":"2019-11-10T08:43:34","guid":{"rendered":"http:\/\/www.croceverdeintemelia.com\/?page_id=715"},"modified":"2021-09-23T21:04:36","modified_gmt":"2021-09-23T19:04:36","slug":"news-ed-eventi-2","status":"publish","type":"page","link":"https:\/\/www.croceverdeintemelia.com\/?page_id=715","title":{"rendered":"NEWS ED EVENTI"},"content":{"rendered":"\t\t<div data-elementor-type=\"wp-page\" data-elementor-id=\"715\" class=\"elementor elementor-715\">\n\t\t\t\t\t\t<div class=\"elementor-inner\">\n\t\t\t\t<div class=\"elementor-section-wrap\">\n\t\t\t\t\t\t\t\t\t<section class=\"elementor-section elementor-top-section elementor-element elementor-element-619c6182 elementor-section-boxed elementor-section-height-default elementor-section-height-default\" data-id=\"619c6182\" data-element_type=\"section\">\n\t\t\t\t\t\t<div class=\"elementor-container elementor-column-gap-default\">\n\t\t\t\t\t\t\t<div class=\"elementor-row\">\n\t\t\t\t\t<div class=\"elementor-column elementor-col-100 elementor-top-column elementor-element elementor-element-14a35694\" data-id=\"14a35694\" data-element_type=\"column\">\n\t\t\t<div class=\"elementor-column-wrap elementor-element-populated\">\n\t\t\t\t\t\t\t<div class=\"elementor-widget-wrap\">\n\t\t\t\t\t\t<div class=\"elementor-element elementor-element-778e33f0 elementor-widget elementor-widget-text-editor\" data-id=\"778e33f0\" data-element_type=\"widget\" data-widget_type=\"text-editor.default\">\n\t\t\t\t<div class=\"elementor-widget-container\">\n\t\t\t\t\t\t\t\t<div class=\"elementor-text-editor elementor-clearfix\">\n\t\t\t\t<h2>\u00a0<\/h2><h2>\u00a0<\/h2><h2 style=\"text-align: center;\"><strong><img loading=\"lazy\" class=\"alignright wp-image-838\" src=\"http:\/\/www.croceverdeintemelia.com\/wp-content\/uploads\/2020\/06\/30167775_1867095956645686_2528112013695194841_o-300x178.jpg\" alt=\"\" width=\"585\" height=\"347\" srcset=\"https:\/\/www.croceverdeintemelia.com\/wp-content\/uploads\/2020\/06\/30167775_1867095956645686_2528112013695194841_o-300x178.jpg 300w, https:\/\/www.croceverdeintemelia.com\/wp-content\/uploads\/2020\/06\/30167775_1867095956645686_2528112013695194841_o-1024x607.jpg 1024w, https:\/\/www.croceverdeintemelia.com\/wp-content\/uploads\/2020\/06\/30167775_1867095956645686_2528112013695194841_o-768x455.jpg 768w, https:\/\/www.croceverdeintemelia.com\/wp-content\/uploads\/2020\/06\/30167775_1867095956645686_2528112013695194841_o.jpg 1080w\" sizes=\"(max-width: 585px) 100vw, 585px\" \/><\/strong><\/h2><h2>\u00a0<\/h2><p>\u00a0<\/p><p>\u00a0<\/p><p>\u00a0<\/p><h2>\u00a0<\/h2><h2 style=\"text-align: center;\"><span style=\"color: #339966;\">A Ventimiglia istituito servizio di consegna farmaci a domicilio della Croce Verde Intemelia e del Comune<\/span><\/h2><p>\u00a0La Croce Verde Intemelia con il Comune di Ventimiglia ha attivato un servizio di consegna farmaci con ricetta a domicilio. Il servizio ha lo scopo di supportare, in questo momento cos\u00ec delicato, la popolazione pi\u00f9 anziana e per tutelare i soggetti con patologie pregresse che non possono contare sull\u2019aiuto di parenti ed amici.<\/p><p>Il servizio \u00e8 operativo dal luned\u00ec al venerd\u00ec dalle ore 14 e 30 alle 18. Il sabato e la domenica solo per i farmaci di estrema urgenza.<\/p><p>Il servizio \u00e8 completamento gratuito, mentre il costo dei farmaci \u00e8 a carico del richiedente.<\/p><p>Per accedere al servizio \u00e8 necessario chiedere al proprio\u00a0 medico di famiglia che provveder\u00e0 ad emettere la ricetta ed a inviarla alla farmacia che dispenser\u00e0 il farmaco. Il medico di famiglia provveder\u00e0 a contattare la Croce Verde entro e ore 12 (telefono 0184 351175 oppure 347 7112250) , indicando il nome del soggetto\u00a0 il suo recapito telefonico e la farmacia dove \u00e8 stata inviata la prescrizione medica ed ogni altra eventuale notizia necessaria all\u2019espletamento del servizio.<\/p><p>I militi della Croce Verde in divisa e muniti di tesserino di riconoscimento provvederanno\u00a0 a consegnare il farmaco a casa del paziente.<\/p><p>Si fa presente che non \u00e8 possibile attivare il servizio con canali diversi, in ogni caso nessun volontario di Croce Verde Intemelia\u00a0 si presenter\u00e0 a casa dei cittadini per l\u2019attivazione del servizio e per altre iniziative legate alla attuale emergenza.<\/p><p>Per ogni eventuali\u00a0 altra informazione \u00e8 possibile anche contattare il Servizio Sociosanitario del Comune di Ventimiglia.<\/p><p>Si invitano i cittadini a segnalare alle forze dell\u2019ordine ogni situazione sospetta. Si invitano i cittadini ad aderire all\u2019iniziativa #iorestoacasa. Noi non possiamo ma voi\u00a0 aiutateci restando a casa<\/p>\t\t\t\t\t<\/div>\n\t\t\t\t\t\t<\/div>\n\t\t\t\t<\/div>\n\t\t\t\t\t\t<\/div>\n\t\t\t\t\t<\/div>\n\t\t<\/div>\n\t\t\t\t\t\t\t\t<\/div>\n\t\t\t\t\t<\/div>\n\t\t<\/section>\n\t\t\t\t\t\t\t\t\t<\/div>\n\t\t\t<\/div>\n\t\t\t\t\t<\/div>\n\t\t","protected":false},"excerpt":{"rendered":"<p>AUTOCERTIFICAZIONE L.124\/2017\u00a0\u00a0\u00a0\u00a0contributi pubblici 2019\u00a0 &nbsp; &nbsp; Nel modulo della Dichiarazione dei redditi (modello 730, CUD, Unico) trovi il riquadro per la &#8220;SCELTA PER LA DESTINAZIONE DEL 5 PER 1000 DELL&#8217;IRPEF&#8221; \u00a0 \u00a0 \u00a0 \u00a0 \u00a0 \u00a0 \u00a0 \u00a0 \u00a0 \u00a0 \u00a0 \u00a0 \u00a0 \u00a0 \u00a0 \u00a0\u00a0 \u00a0\u00a0\u00a0\u00a0\u00a0\u00a0\u00a0\u00a0\u00a0\u00a0\u00a0\u00a0\u00a0\u00a0\u00a0\u00a0\u00a0\u00a0\u00a0\u00a0\u00a0 Firma\u00a0 e\u00a0 inserisci\u00a0 il\u00a0 codice\u00a0 fiscale\u00a0\u00a0 della\u00a0\u00a0\u00a0\u00a0\u00a0\u00a0\u00a0 \u00a0 &hellip; <a href=\"https:\/\/www.croceverdeintemelia.com\/?page_id=715\" class=\"more-link\">Continua la lettura di <span class=\"screen-reader-text\">NEWS ED EVENTI<\/span> <span class=\"meta-nav\">&rarr;<\/span><\/a><\/p>\n","protected":false},"author":2,"featured_media":0,"parent":0,"menu_order":0,"comment_status":"closed","ping_status":"closed","template":"","meta":[],"_links":{"self":[{"href":"https:\/\/www.croceverdeintemelia.com\/index.php?rest_route=\/wp\/v2\/pages\/715"}],"collection":[{"href":"https:\/\/www.croceverdeintemelia.com\/index.php?rest_route=\/wp\/v2\/pages"}],"about":[{"href":"https:\/\/www.croceverdeintemelia.com\/index.php?rest_route=\/wp\/v2\/types\/page"}],"author":[{"embeddable":true,"href":"https:\/\/www.croceverdeintemelia.com\/index.php?rest_route=\/wp\/v2\/users\/2"}],"replies":[{"embeddable":true,"href":"https:\/\/www.croceverdeintemelia.com\/index.php?rest_route=%2Fwp%2Fv2%2Fcomments&post=715"}],"version-history":[{"count":22,"href":"https:\/\/www.croceverdeintemelia.com\/index.php?rest_route=\/wp\/v2\/pages\/715\/revisions"}],"predecessor-version":[{"id":915,"href":"https:\/\/www.croceverdeintemelia.com\/index.php?rest_route=\/wp\/v2\/pages\/715\/revisions\/915"}],"wp:attachment":[{"href":"https:\/\/www.croceverdeintemelia.com\/index.php?rest_route=%2Fwp%2Fv2%2Fmedia&parent=715"}],"curies":[{"name":"wp","href":"https:\/\/api.w.org\/{rel}","templated":true}]}}